te the remainder when 31 is divided by f(t).
7
Suppose 56 = -84*z + 88*z. Let y(b) = b**3 - 6*b**2 - 3*b - 1. What is the remainder when y(7) is divided by z?
13
Suppose 0 = x + 6 - 31. Let l = -24 - -37. Calculate the remainder when x is divided by l.
12
Let s = 14 - 14. Suppose 3*x + s = 9. What is the remainder when 5 is divided by x?
2
Suppose 0 = b - 2. Suppose 4*h - 384 = -b*g, -4*h + 2*h + g = -200. Calculate the remainder when h is divided by 25.
23
What is the remainder when ((-445)/(-15))/(1/3) is divided by 46?
43
Let p be 2 - 2 - -2 - 0. Suppose j = -r + 28 - 6, p*j - 2 = 0. Suppose -2*d - 5*c + 0*c + 22 = 0, -d + 4*c = -11. What is the remainder when r is divided by d?
10
Let m(g) = 26*g**2 + 2*g - 2. Calculate the remainder when m(2) is divided by 23.
14
Let i(k) = -5*k - 3. Let y be i(-4). Let b = y + -10. What is the remainder when 19 is divided by b?
5
Let m(b) = -b**3 - 4*b**2 - 2*b - 4. Let r(u) = -u + 5. Let d be r(9). What is the remainder when 5 is divided by m(d)?
1
Suppose 4 = 4*d - 3*d. Calculate the remainder when 14 is divided by d.
2
Suppose -u - 86 = -3*u. Suppose r - 3*r = -22. What is the remainder when u is divided by r?
10
What is the remainder when 27 is divided by 1/((-5)/(-40)) - 1?
6
Suppose -t = 5*p - 29, 5*t + 13 = 5*p + 2*t. Calculate the remainder when p is divided by 2.
1
Let d(l) = l + 2. What is the remainder when (1 + 4)*(-42)/(-10) is divided by d(10)?
9
Suppose -r + 50 - 30 = 0. What is the remainder when 37 is divided by r?
17
Let w(r) = 2*r - 9. Let a be w(6). Suppose -50 = -a*t + t. Calculate the remainder when t is divided by 13.
12
Suppose 0 = -2*o + y + 142, -5*o + y + 355 = -3*y. Suppose -72 = -4*h - 4*p - 4, 2*p + o = 3*h. Calculate the remainder when h is divided by 12.
9
Suppose 4*s + 3*w = 170, s + 5*w = 2*s - 54. What is the remainder when s is divided by 5?
4
Suppose 0 = -3*d + d - 8. Let s(y) = 2*y**2 + 2*y - 4. Let m be s(d). Suppose -5*z + 0*z + m = 5*g, -z + 12 = -g. What is the remainder when z is divided by 3?
2
Let m(a) = 26*a**2 + a + 1. Let v be m(-1). Let w = v + 14. Suppose 2*s - w = -2*r, -s - r - 3*r = -29. Calculate the remainder when s is divided by 9.
8
Let q(j) = -j**3 - 4*j**2 + 6*j + 3. Let c be q(-4). Calculate the remainder when 8/(-4)*(0 + c) is divided by 11.
9
Suppose g = 3*w - 14, -3*w + 2*g + 6 = 5*g. Suppose m = -w*m + 55. Calculate the remainder when 20 is divided by m.
9
Let s(c) = c + 2. Let f be s(-7). Let t be (1 - 10*1)*f. Suppose -t = -2*h - 1. Calculate the remainder when 65 is divided by h.
21
Let q(t) = t**2 + 1 - 2*t - t + 7*t. Calculate the remainder when 25 is divided by q(-6).
12
Suppose 4*q - 12 = q. What is the remainder when 6 is divided by q?
2
Suppose 3*v + 0*s = 3*s + 45, -2*v + 27 = -s. Calculate the remainder when 2/5 - 226/(-10) is divided by v.
11
Let t(a) = -a**2 - 9*a - 11. Let i(q) = -3*q**2 - 18*q - 21. Let p(b) = 2*i(b) - 5*t(b). Calculate the remainder when 13 is divided by p(10).
1
Let g = 1 + 13. Calculate the remainder when 19 is divided by 144/g - (-6)/(-21).
9
Suppose -146 - 78 = -14*g. Let q = 1 + 112. Suppose 7*c - 2*c - 160 = -5*b, 4*b = c + q. What is the remainder when b is divided by g?
13
Let h(l) = 2*l + 3. Calculate the remainder when 58 is divided by h(6).
13
Let i(l) = l**2 - l + 20. Calculate the remainder when i(0) is divided by (1 + 1)/(4/22).
9
Let t(z) = z**2 + 6*z - 1. Calculate the remainder when (1 - (-3)/(-2))*-84 is divided by t(-8).
12
What is the remainder when (2/12)/(5/15)*118 is divided by 31?
28
Suppose 7*b - 5*f = 6*b - 7, f - 2 = 0. Calculate the remainder when 5 is divided by b.
2
Let m(q) = -q**2 - 11*q - 10. Let p be m(-4). Let k = 39 - p. Calculate the remainder when k is divided by 12.
9
Let o(t) = -t**2 + t + 7. What is the remainder when o(0) is divided by 4?
3
Let o = -38 - -77. Suppose 2*h - h - 10 = 0. Calculate the remainder when o is divided by h.
9
Suppose -y = -5*t - 18, 0*y - t + 69 = 2*y. What is the remainder when y is divided by 17?
16
Suppose -o - 1 = 3*s - 7, 5*o + 4*s = 19. Calculate the remainder when 8 is divided by o.
2
Let o(g) = -8*g - 2. Suppose -7 = -2*y + 73. Calculate the remainder when y is divided by o(-2).
12
Suppose 7*c - 2*c + 15 = 0. Let b be c + 1 + 0 + 4. Suppose 12 = 3*f + j, 2*f - 4*j = -b*f + 32. Calculate the remainder when 9 is divided by f.
4
Let q(v) = v**3 + 5*v**2 + 7. Let o = 12 - 17. Calculate the remainder when 26 is divided by q(o).
5
Let q = 7 - -1. Let b = q - -6. Let t(l) = -l**2 + 12*l - 9. What is the remainder when t(6) is divided by b?
13
Let h(o) be the second derivative of -o**5/20 + 3*o**4/4 + 5*o**3/3 + 2*o**2 - o. Calculate the remainder when 9 is divided by h(10).
1
Suppose 3*r + 3 = 4*r. Suppose r*u - 9 = -3. Calculate the remainder when u is divided by 2.
0
Calculate the remainder when 117 is divided by (12/(-10))/((-1)/20).
21
Suppose -14 = -5*q + 16. What is the remainder when 17 is divided by q?
5
Suppose 5*r = 294 + 111. What is the remainder when r is divided by 1/2 - 440/(-16)?
25
Let o(p) = 11*p**2 - 2*p - 3. What is the remainder when o(-2) is divided by 17?
11
Let o = -22 - -75. What is the remainder when o is divided by (12/(-15))/((-4)/90)?
17
Let p = -57 - -106. What is the remainder when p is divided by 10?
9
Let c = 168 + -113. What is the remainder when c is divided by 19?
17
Let t be 11 + -7 - (-34 - 1). Suppose i = -2*i + t. What is the remainder when 62 is divided by i?
10
Let m be (-2)/(1/8*2). Suppose 0 = 4*b - 0 - 16. What is the remainder when (-147)/(-28) - (-2)/m is divided by b?
1
Let g = 35 + -22. What is the remainder when (-8 + 5)/((-6)/50) is divided by g?
12
Let x = 133 - 78. What is the remainder when x is divided by 28?
27
Let i(y) = y**3 + 7*y**2 + 7*y - 2. Calculate the remainder when (27/2)/(6/16) is divided by i(-5).
10
Suppose -1 = -3*b - 16, -3*b - 7 = 2*q. Suppose q = l + 3. What is the remainder when (11/(-2) - -5)*(2 + -6) is divided by l?
0
Let r(m) = 3*m + 5. Let a be r(5). Suppose 2*q - 37 = -3*i, 0 = 2*i + 2*i - a. What is the remainder when 32 is divided by q?
10
What is the remainder when (-2 - -33) + 1 + -3 is divided by 6?
5
Let p = -5 + 9. Let g = 15 + -11. Suppose -p*t + 120 = g*h, 7*t - 170 = 2*t - h. Calculate the remainder when t is divided by 19.
16
Let r(a) = a + 27. Let p(s) = 53*s**2 + s - 3. What is the remainder when p(1) is divided by r(0)?
24
Let u(v) = 3*v**3 - 2*v + 1. Suppose -4*m + 7 = -j, 5*j - m = 3*j. Let x = -14 + 19. What is the remainder when x is divided by u(j)?
1
Let t(l) = -12*l - 5. Suppose z = -g - 5, 4*g = 2*g + 4*z - 10. Let j be t(g). Suppose -3*h - 13 = -j. Calculate the remainder when h is divided by 8.
6
Let d(n) = 2*n + 5. Let t = 110 + -78. What is the remainder when t is divided by d(6)?
15
Let c(d) = 6*d + 1. Let o be c(3). Suppose -r + 11 = -o. Suppose 0 = -5*w - 2*f + 78, 2*w - 22 - 5 = -5*f. What is the remainder when r is divided by w?
14
Let s(v) = 0*v + 2*v - v - 1. Let r be s(1). Let l(n) = -n**3 + n + 5. What is the remainder when 9 is divided by l(r)?
4
Calculate the remainder when ((-14)/4 + 1)/((-3)/42) is divided by 12.
11
Suppose 0 = 2*u - 3*b - 65 + 18, 0 = 4*b + 4. Calculate the remainder when 39 is divided by u.
17
Suppose 7*z - 10 = 2*z. Suppose -3*x = 2*x - z*p - 123, 0 = -x + 2*p + 23. What is the remainder when x is divided by 7?
4
Let a = 19 - -1. Suppose b + 2*b + 4*t = -12, -5*b - 2*t - a = 0. Let s = b - -7. What is the remainder when 10 is divided by s?
1
Let d = 98 + -59. What is the remainder when 40 is divided by 1/1 - d/(-3)?
12
Let d = 35 - 21. What is the remainder when 55 is divided by d?
13
Let h(n) = -2*n**3 - 15*n**2 + 9*n + 18. What is the remainder when 18 is divided by h(-8)?
8
Calculate the remainder when 3 is divided by (-1)/3 - (-14)/6.
1
Let y = 17 - 11. Let i = y - -2. Let m = i + -5. Calculate the remainder when 7 is divided by m.
1
Let p(d) = -18*d**3 + d**2 + d. Suppose 0 = -3*l - 3. What is the remainder when p(l) is divided by 10?
8
Let q(l) = -2*l**2 + 10*l + 1. Let x(c) = 3*c**2 - 15*c - 1. Let y(h) = 8*q(h) + 5*x(h). What is the remainder when 5 is divided by y(5)?
2
Let p be -1 + (-2 + 1 - -2). Calculate the remainder when -4 + p + 2 + 13 is divided by 4.
3
Let j(b) = -2*b**3 - 2*b**2 + b